{"id":175,"date":"2022-09-04T12:23:21","date_gmt":"2022-09-04T10:23:21","guid":{"rendered":"https:\/\/www.woolinale.de\/?page_id=175"},"modified":"2022-12-03T18:07:12","modified_gmt":"2022-12-03T17:07:12","slug":"kunstleraufruf","status":"publish","type":"page","link":"https:\/\/www.woolinale.de\/?page_id=175&lang=de","title":{"rendered":"K\u00fcnstleraufruf"},"content":{"rendered":"\n<p class=\"has-text-align-center has-background has-extra-large-font-size\" style=\"background:linear-gradient(180deg,rgb(41,170,227) 0%,rgb(255,255,255) 49%,rgb(203,21,131) 100%)\">Achtung:<br>Der K\u00fcnstleraufruf ist beendet!<\/p>\n\n\n<div class=\"wp-block-image is-style-twentytwentyone-image-frame\">\n<figure class=\"aligncenter size-large\"><img loading=\"lazy\" decoding=\"async\" width=\"1024\" height=\"576\" src=\"https:\/\/www.woolinale.de\/wp-content\/uploads\/2022\/09\/8-gute-Gru\u0308nde-warum-Du-als-Ku\u0308nstler-deutsch-1024x576.jpg\" alt=\"\" class=\"wp-image-211\" srcset=\"https:\/\/www.woolinale.de\/wp-content\/uploads\/2022\/09\/8-gute-Gru\u0308nde-warum-Du-als-Ku\u0308nstler-deutsch-1024x576.jpg 1024w, https:\/\/www.woolinale.de\/wp-content\/uploads\/2022\/09\/8-gute-Gru\u0308nde-warum-Du-als-Ku\u0308nstler-deutsch-300x169.jpg 300w, https:\/\/www.woolinale.de\/wp-content\/uploads\/2022\/09\/8-gute-Gru\u0308nde-warum-Du-als-Ku\u0308nstler-deutsch-768x432.jpg 768w, https:\/\/www.woolinale.de\/wp-content\/uploads\/2022\/09\/8-gute-Gru\u0308nde-warum-Du-als-Ku\u0308nstler-deutsch.jpg 1280w\" sizes=\"auto, (max-width: 1024px) 100vw, 1024px\" \/><\/figure>\n<\/div>\n\n\n<p>Ihr wurdet von uns nicht wegen der Woolinale kontaktiert und eingeladen, Eure Werke auszustellen, m\u00f6chtet aber auch als K\u00fcnstler dabei sein?<\/p>\n\n\n\n<p>Neben den eingeladenen K\u00fcnstlern wollen wir weiteren Talenten eine Chance geben.<\/p>\n\n\n\n<p>Postet einfach bis zum 15. Oktober 2022 (Bewerbungsschluss) Bilder von Euren Projekten, von denen ihr denkt, dass Sie f\u00fcr diese Bewerbung geeignet sind, in den Social-Media-Kan\u00e4len und taggt sie mit&nbsp;<strong>@woolinale<\/strong>&nbsp;und&nbsp;<strong>#hhcologne<\/strong>: Das ist eure Bewerbung.<\/p>\n\n\n\n<p>Unser Orga-Team sucht aus diesen Bewerbungen weitere K\u00fcnstler aus, die wir dann einladen, ihre extra f\u00fcr die Woolinale gefertigten Werke zusammen mit den anderen K\u00fcnstlern auszustellen. F\u00fcr Euer Woolinale-Werk gibt es keine Themenvorgabe, ihr k\u00f6nnt frei entscheiden, was ihr pr\u00e4sentieren wollt. Solltet ihr zu den ausgew\u00e4hlten K\u00fcnstlern geh\u00f6ren, bekommt ihr von uns alle erforderlichen Unterlagen (auch die Beschreibung der Yarnbombing-M\u00f6glichkeiten mit Ma\u00dfangaben auf dem Messegel\u00e4nde) zugeschickt.<\/p>\n\n\n\n<p>Ob ihr euch f\u00fcr die Teilnahme an der Woolinale qualifiziert habt, erfahrt ihr am 31. Oktober 2022 hier auf dieser Seite und in unseren Social Media Kan\u00e4len.<\/p>\n\n\n\n<p>Warum sich mitmachen lohnt? \u2013 Weil die h+h als weltweite Leitmesse im Bereich der textilen Handarbeiten mit Ausstellern und Fachpublikum aus \u00fcber 80 L\u00e4ndern der perfekte Partner f\u00fcr die Woolinale ist. Sie bietet eine einzigartige Plattform und gro\u00dfe, internationale Aufmerksamkeit, die seinesgleichen sucht.<\/p>\n\n\n\n<p>Einige Exponate werden auch pr\u00e4miert. Eine Fachjury k\u00fcrt ihre Favoriten unter den gezeigten Kunstwerken, au\u00dferdem k\u00f6nnen die Messe-Besucher auf der h+h im Besuchervoting ihr Lieblingskunstwerk w\u00e4hlen. Aus diesen beiden Abstimmungen werden f\u00fcnf Gewinner ermittelt, die zum Ende der Woolinale bekanntgegeben werden. Nat\u00fcrlich wird es f\u00fcr sie auch attraktive Preise geben (Rechtsweg ausgeschlossen).<\/p>\n\n\n\n<p>Nicht zuletzt lohnt es sich, dabei zu sein, weil alle Teilnehmer einen Beitrag f\u00fcr einen \u2013 wie wir finden \u2013 sehr guten Zweck leisten: Am Ende der Veranstaltung versteigern so viele Kunstwerke wie m\u00f6glich. Der Erl\u00f6s geht zu 100 Prozent an die Internationale Fl\u00fcchtlingshilfe des Roten Kreuzes.<\/p>\n","protected":false},"excerpt":{"rendered":"<p>Achtung:Der K\u00fcnstleraufruf ist beendet! Ihr wurdet von uns nicht wegen der Woolinale kontaktiert und eingeladen, Eure Werke auszustellen, m\u00f6chtet aber auch als K\u00fcnstler dabei sein? Neben den eingeladenen K\u00fcnstlern wollen wir weiteren Talenten eine Chance geben. Postet einfach bis zum 15. Oktober 2022 (Bewerbungsschluss) Bilder von Euren Projekten, von denen ihr denkt, dass Sie f\u00fcr&hellip; <a class=\"more-link\" href=\"https:\/\/www.woolinale.de\/?page_id=175&#038;lang=de\">Continue reading <span class=\"screen-reader-text\">K\u00fcnstleraufruf<\/span><\/a><\/p>\n","protected":false},"author":1,"featured_media":0,"parent":0,"menu_order":0,"comment_status":"closed","ping_status":"closed","template":"","meta":{"ub_ctt_via":"","footnotes":""},"class_list":["post-175","page","type-page","status-publish","hentry","entry"],"featured_image_src":null,"_links":{"self":[{"href":"https:\/\/www.woolinale.de\/index.php?rest_route=\/wp\/v2\/pages\/175","targetHints":{"allow":["GET"]}}],"collection":[{"href":"https:\/\/www.woolinale.de\/index.php?rest_route=\/wp\/v2\/pages"}],"about":[{"href":"https:\/\/www.woolinale.de\/index.php?rest_route=\/wp\/v2\/types\/page"}],"author":[{"embeddable":true,"href":"https:\/\/www.woolinale.de\/index.php?rest_route=\/wp\/v2\/users\/1"}],"replies":[{"embeddable":true,"href":"https:\/\/www.woolinale.de\/index.php?rest_route=%2Fwp%2Fv2%2Fcomments&post=175"}],"version-history":[{"count":12,"href":"https:\/\/www.woolinale.de\/index.php?rest_route=\/wp\/v2\/pages\/175\/revisions"}],"predecessor-version":[{"id":543,"href":"https:\/\/www.woolinale.de\/index.php?rest_route=\/wp\/v2\/pages\/175\/revisions\/543"}],"wp:attachment":[{"href":"https:\/\/www.woolinale.de\/index.php?rest_route=%2Fwp%2Fv2%2Fmedia&parent=175"}],"curies":[{"name":"wp","href":"https:\/\/api.w.org\/{rel}","templated":true}]}}