{"id":437,"date":"2022-09-18T12:29:50","date_gmt":"2022-09-18T10:29:50","guid":{"rendered":"https:\/\/www.woolinale.de\/?page_id=437"},"modified":"2022-11-19T14:10:02","modified_gmt":"2022-11-19T13:10:02","slug":"jury-2","status":"publish","type":"page","link":"https:\/\/www.woolinale.de\/?page_id=437&lang=de","title":{"rendered":"Jury"},"content":{"rendered":"\n<p>F\u00fcnf Juroren und die Besucher der h+h cologne werden die Ausstellungsst\u00fccke der Woolinale pr\u00e4mieren. Drei Jurymitglieder stehen bereits fest:<\/p>\n\n\n<div class=\"wp-block-image is-style-twentytwentyone-border\">\n<figure class=\"alignleft size-medium\"><img loading=\"lazy\" decoding=\"async\" width=\"200\" height=\"300\" src=\"https:\/\/www.woolinale.de\/wp-content\/uploads\/2022\/11\/Lutz_Z9A9488-1-200x300.jpg\" alt=\"\" class=\"wp-image-535\" srcset=\"https:\/\/www.woolinale.de\/wp-content\/uploads\/2022\/11\/Lutz_Z9A9488-1-200x300.jpg 200w, https:\/\/www.woolinale.de\/wp-content\/uploads\/2022\/11\/Lutz_Z9A9488-1-683x1024.jpg 683w, https:\/\/www.woolinale.de\/wp-content\/uploads\/2022\/11\/Lutz_Z9A9488-1-768x1152.jpg 768w, https:\/\/www.woolinale.de\/wp-content\/uploads\/2022\/11\/Lutz_Z9A9488-1-1024x1536.jpg 1024w, https:\/\/www.woolinale.de\/wp-content\/uploads\/2022\/11\/Lutz_Z9A9488-1-1365x2048.jpg 1365w, https:\/\/www.woolinale.de\/wp-content\/uploads\/2022\/11\/Lutz_Z9A9488-1-1568x2352.jpg 1568w, https:\/\/www.woolinale.de\/wp-content\/uploads\/2022\/11\/Lutz_Z9A9488-1-scaled.jpg 1707w\" sizes=\"auto, (max-width: 200px) 100vw, 200px\" \/><\/figure>\n<\/div>\n\n\n<p>Lutz Staacke ist Buchautor und ARD Buffet Experte in Sachen Handarbeit. Er designt und strickt haupts\u00e4chlich M\u00e4nnermode, die Lust auf mehr macht. Legend\u00e4r sind seine Tatort-Socken, die w\u00e4hrend des Anschauens des Kult-Krimis entstanden sind.<\/p>\n\n\n\n<hr class=\"wp-block-separator has-text-color has-alpha-channel-opacity has-background is-style-dots\" style=\"background-color:#f8931f;color:#f8931f\"\/>\n\n\n<div class=\"wp-block-image is-style-twentytwentyone-border\">\n<figure class=\"alignright size-medium\"><img loading=\"lazy\" decoding=\"async\" width=\"228\" height=\"300\" src=\"https:\/\/www.woolinale.de\/wp-content\/uploads\/woolinale\/Jury\/Juryfotos\/tanja steinbach-228x300.jpg\" alt=\"\" class=\"wp-image-444\" srcset=\"https:\/\/www.woolinale.de\/wp-content\/uploads\/woolinale\/Jury\/Juryfotos\/tanja%20steinbach-228x300.jpg 228w, https:\/\/www.woolinale.de\/wp-content\/uploads\/woolinale\/Jury\/Juryfotos\/tanja%20steinbach.jpg 760w\" sizes=\"auto, (max-width: 228px) 100vw, 228px\" \/><\/figure>\n<\/div>\n\n\n<p>Tanja Steinbach ist wohl Deutschlands bekannteste Handarbeitsexpertin. Es gibt unz\u00e4hlige Anleitungen und viele wunderbare B\u00fccher mit Ihren Designs zum Nacharbeiten. Mit ihren Kreationen und Tipps zum H\u00e4keln und Stricken bereichert sie das ARD Buffet mit ihrer charmanten Art seit vielen Jahren.<\/p>\n\n\n\n<hr class=\"wp-block-separator has-text-color has-alpha-channel-opacity has-background is-style-dots\" style=\"background-color:#cb1583;color:#cb1583\"\/>\n\n\n<div class=\"wp-block-image is-style-twentytwentyone-border\">\n<figure class=\"alignleft size-medium\"><img loading=\"lazy\" decoding=\"async\" width=\"300\" height=\"300\" src=\"https:\/\/www.woolinale.de\/wp-content\/uploads\/woolinale\/Jury\/Juryfotos\/k\u00fcma-300x300.jpg\" alt=\"\" class=\"wp-image-443\" srcset=\"https:\/\/www.woolinale.de\/wp-content\/uploads\/woolinale\/Jury\/Juryfotos\/k\u00fcma-300x300.jpg 300w, https:\/\/www.woolinale.de\/wp-content\/uploads\/woolinale\/Jury\/Juryfotos\/k\u00fcma-150x150.jpg 150w, https:\/\/www.woolinale.de\/wp-content\/uploads\/woolinale\/Jury\/Juryfotos\/k\u00fcma.jpg 400w\" sizes=\"auto, (max-width: 300px) 100vw, 300px\" \/><\/figure>\n<\/div>\n\n\n<p>Marius Eger, besser bekannt als K\u00fcma Tutorials, ist einer der wenigen M\u00e4nner im Bereich des H\u00e4keldesigns. Seine Werke bestechen durch ihre Frische und Lebendigkeit. Farben spielen bei ihm eine gro\u00dfe Rolle und bei den Amigurumis tragen seine Gesch\u00f6pfe seine unverwechselbare Handschrift.<\/p>\n\n\n\n<hr class=\"wp-block-separator has-text-color has-alpha-channel-opacity has-background is-style-dots\" style=\"background-color:#29aae3;color:#29aae3\"\/>\n","protected":false},"excerpt":{"rendered":"<p>F\u00fcnf Juroren und die Besucher der h+h cologne werden die Ausstellungsst\u00fccke der Woolinale pr\u00e4mieren. Drei Jurymitglieder stehen bereits fest: Lutz Staacke ist Buchautor und ARD Buffet Experte in Sachen Handarbeit. Er designt und strickt haupts\u00e4chlich M\u00e4nnermode, die Lust auf mehr macht. Legend\u00e4r sind seine Tatort-Socken, die w\u00e4hrend des Anschauens des Kult-Krimis entstanden sind. Tanja Steinbach&hellip; <a class=\"more-link\" href=\"https:\/\/www.woolinale.de\/?page_id=437&#038;lang=de\">Continue reading <span class=\"screen-reader-text\">Jury<\/span><\/a><\/p>\n","protected":false},"author":1,"featured_media":0,"parent":0,"menu_order":0,"comment_status":"closed","ping_status":"closed","template":"","meta":{"ub_ctt_via":"","footnotes":""},"class_list":["post-437","page","type-page","status-publish","hentry","entry"],"featured_image_src":null,"_links":{"self":[{"href":"https:\/\/www.woolinale.de\/index.php?rest_route=\/wp\/v2\/pages\/437","targetHints":{"allow":["GET"]}}],"collection":[{"href":"https:\/\/www.woolinale.de\/index.php?rest_route=\/wp\/v2\/pages"}],"about":[{"href":"https:\/\/www.woolinale.de\/index.php?rest_route=\/wp\/v2\/types\/page"}],"author":[{"embeddable":true,"href":"https:\/\/www.woolinale.de\/index.php?rest_route=\/wp\/v2\/users\/1"}],"replies":[{"embeddable":true,"href":"https:\/\/www.woolinale.de\/index.php?rest_route=%2Fwp%2Fv2%2Fcomments&post=437"}],"version-history":[{"count":4,"href":"https:\/\/www.woolinale.de\/index.php?rest_route=\/wp\/v2\/pages\/437\/revisions"}],"predecessor-version":[{"id":536,"href":"https:\/\/www.woolinale.de\/index.php?rest_route=\/wp\/v2\/pages\/437\/revisions\/536"}],"wp:attachment":[{"href":"https:\/\/www.woolinale.de\/index.php?rest_route=%2Fwp%2Fv2%2Fmedia&parent=437"}],"curies":[{"name":"wp","href":"https:\/\/api.w.org\/{rel}","templated":true}]}}